s the remainder when 897 is divided by 53?
49
What is the remainder when 60 is divided by 55?
5
Calculate the remainder when 101 is divided by 34.
33
Calculate the remainder when 114 is divided by 12.
6
What is the remainder when 470 is divided by 24?
14
What is the remainder when 63 is divided by 22?
19
Calculate the remainder when 1232 is divided by 59.
52
Calculate the remainder when 251 is divided by 9.
8
What is the remainder when 259 is divided by 33?
28
What is the remainder when 17397 is divided by 15?
12
What is the remainder when 6916 is divided by 1726?
12
Calculate the remainder when 529 is divided by 7.
4
What is the remainder when 767 is divided by 31?
23
Calculate the remainder when 79 is divided by 9.
7
Calculate the remainder when 185 is divided by 62.
61
Calculate the remainder when 103 is divided by 48.
7
What is the remainder when 459 is divided by 115?
114
What is the remainder when 2421 is divided by 1209?
3
Calculate the remainder when 132 is divided by 19.
18
Calculate the remainder when 230 is divided by 67.
29
What is the remainder when 25 is divided by 15?
10
What is the remainder when 105 is divided by 38?
29
What is the remainder when 354 is divided by 188?
166
Calculate the remainder when 56 is divided by 7.
0
Calculate the remainder when 1098 is divided by 35.
13
What is the remainder when 153 is divided by 39?
36
Calculate the remainder when 196 is divided by 67.
62
Calculate the remainder when 1043 is divided by 11.
9
What is the remainder when 77 is divided by 24?
5
What is the remainder when 2119 is divided by 17?
11
Calculate the remainder when 63 is divided by 11.
8
Calculate the remainder when 803 is divided by 90.
83
What is the remainder when 428 is divided by 33?
32
Calculate the remainder when 122 is divided by 52.
18
Calculate the remainder when 11499 is divided by 7.
5
What is the remainder when 138 is divided by 92?
46
What is the remainder when 1590 is divided by 516?
42
Calculate the remainder when 548 is divided by 68.
4
Calculate the remainder when 358 is divided by 85.
18
What is the remainder when 882 is divided by 3?
0
Calculate the remainder when 790 is divided by 779.
11
Calculate the remainder when 203 is divided by 24.
11
What is the remainder when 623 is divided by 2?
1
What is the remainder when 792 is divided by 115?
102
What is the remainder when 5534 is divided by 213?
209
Calculate the remainder when 265 is divided by 30.
25
Calculate the remainder when 316 is divided by 163.
153
Calculate the remainder when 87 is divided by 32.
23
What is the remainder when 123 is divided by 13?
6
Calculate the remainder when 164 is divided by 69.
26
What is the remainder when 1235 is divided by 385?
80
Calculate the remainder when 1865 is divided by 1856.
9
Calculate the remainder when 1319 is divided by 189.
185
Calculate the remainder when 132 is divided by 3.
0
Calculate the remainder when 23 is divided by 14.
9
What is the remainder when 56 is divided by 3?
2
Calculate the remainder when 49 is divided by 12.
1
Calculate the remainder when 171 is divided by 25.
21
What is the remainder when 1122 is divided by 23?
18
What is the remainder when 4885 is divided by 22?
1
Calculate the remainder when 91 is divided by 59.
32
What is the remainder when 221 is divided by 39?
26
What is the remainder when 354 is divided by 12?
6
What is the remainder when 1213 is divided by 81?
79
Calculate the remainder when 106 is divided by 9.
7
What is the remainder when 109 is divided by 39?
31
Calculate the remainder when 13 is divided by 3.
1
What is the remainder when 181 is divided by 77?
27
What is the remainder when 983 is divided by 47?
43
Calculate the remainder when 272 is divided by 11.
8
What is the remainder when 750 is divided by 238?
36
What is the remainder when 2019 is divided by 20?
19
Calculate the remainder when 66 is divided by 63.
3
Calculate the remainder when 242 is divided by 72.
26
Calculate the remainder when 223 is divided by 22.
3
Calculate the remainder when 423 is divided by 211.
1
What is the remainder when 1238 is divided by 138?
134
What is the remainder when 118 is divided by 41?
36
What is the remainder when 3420 is divided by 29?
27
What is the remainder when 12075 is divided by 33?
30
Calculate the remainder when 5561 is divided by 52.
49
What is the remainder when 67 is divided by 8?
3
What is the remainder when 1010 is divided by 99?
20
Calculate the remainder when 9 is divided by 8.
1
Calculate the remainder when 7078 is divided by 97.
94
Calculate the remainder when 145 is divided by 21.
19
Calculate the remainder when 758 is divided by 38.
36
Calculate the remainder when 160 is divided by 37.
12
Calculate the remainder when 314 is divided by 18.
8
Calculate the remainder when 164 is divided by 60.
44
What is the remainder when 4253 is divided by 20?
13
Calculate the remainder when 114 is divided by 5.
4
What is the remainder when 1031 is divided by 113?
14
What is the remainder when 75 is divided by 26?
23
What is the remainder when 201 is divided by 107?
94
What is the remainder when 1383 is divided by 21?
18
What is the remainder when 87 is divided by 36?
15
Calculate the remainder when 316 is divided by 114.
88
What is the remainder when 158 is divided by 3?
2
What is the remainder when 673 is divided by 135?
133
What is the remainder when 213 is divided by 36?
33
What is the remainder when 157 is divided by 81?
76
Calculate the remainder when 157 is divided by 73.
11
Calculate the remainder when 447 is divided by 30.
27
What is the remainder when 175 is divided by 20?
15
What is the remainder when 125 is divided by 99?
26
What is the remainder when 706 is divided by 118?
116
Calculate the remainder when 1125 is divided by 23.
21
Calculate the remainder when 136 is divided by 42.
10
Calculate the remainder when 156 is divided by 23.
18
Calculate the remainder when 87 is divided by 18.
15
Calculate the remainder when 310 is divided by 211.
99
What is the remainder when 184 is divided by 37?
36
Calculate the remainder when 197 is divided by 11.
10
Calculate the remainder when 150 is divided by 107.
43
What is the remainder when 31 is divided by 25?
6
What is the remainder when 1351 is divided by 649?
53
What is the remainder when 334 is divided by 27?
10
Calculate the remainder when 121 is divided by 63.
58
Calculate the remainder when 1341 is divided by 265.
16
What is the remainder when 139 is divided by 18?
13
Calculate the remainder when 917 is divided by 132.
125
What is the remainder when 297 is divided by 36?
9
What is the remainder when 591 is divided by 34?
13
What is the remainder when 725 is divided by 7?
4
What is the remainder when 800 is divided by 262?
14
Calculate the remainder when 144 is divided by 86.
58
What is the remainder when 38 is divided by 20?
18
Calculate the remainder when 48613 is divided by 412.
409
Calculate the remainder when 114 is divided by 53.
8
Calculate the remainder when 152 is divided by 11.
9
What is the remainder when 718 is divided by 37?
15
Calculate the remainder when 2075 is divided by 515.
15
Calculate the remainder when 2571 is divided by 13.
10
Calculate the remainder when 329 is divided by 109.
2
Calculate the remainder when 1616 is divided by 118.
82
Calculate the remainder when 420 is divided by 131.
27
Calculate the remainder when 360 is divided by 119.
3
Calculate the remainder when 2219 is divided by 2215.
4
Calculate the remainder when 659 is divided by 39.
35
What is the remainder when 134 is divided by 84?
50
What is the remainder when 1036 is divided by 86?
4
What is the remainder when 1348 is divided by 13?
9
What is the remainder when 853 is divided by 123?
115
What is the remainder when 8573 is divided by 143?
136
What is the remainder when 37 is divided by 5?
2
What is the remainder when 221 is divided by 67?
20
What is the remainder when 48084 is divided by 117?
114
Calculate the remainder when 1568 is divided by 207.
119
What is the remainder when 336 is divided by 122?
92
Calculate the remainder when 142 is divided by 62.
18
What is the remainder when 164 is divided by 55?
54
Calculate the remainder when 4566 is divided by 757.
24
Calculate the remainder when 86 is divided by 6.
2
Calculate the remaind